r of 353084 and 21836?
412
What is the highest common factor of 1264 and 81804816?
1264
What is the highest common divisor of 37244651 and 1868?
467
Calculate the greatest common divisor of 104 and 1326728.
104
Calculate the highest common factor of 2564 and 16692922.
1282
What is the greatest common factor of 727567 and 3437632?
4883
What is the highest common divisor of 406 and 34046348?
406
Calculate the highest common factor of 18745625 and 5785.
445
What is the highest common factor of 1900 and 3416300?
100
What is the highest common factor of 1677280 and 4840?
440
What is the highest common divisor of 25484 and 40986?
46
Calculate the greatest common divisor of 3 and 80841.
3
What is the highest common divisor of 14672 and 52808?
56
What is the greatest common factor of 494 and 308893?
13
What is the highest common divisor of 15946 and 595714?
238
Calculate the greatest common divisor of 72588000 and 789.
789
Calculate the greatest common factor of 2853 and 357415281.
2853
Calculate the greatest common divisor of 56068418 and 28.
14
What is the highest common divisor of 7141995 and 410?
205
Calculate the greatest common divisor of 17101401 and 14319.
129
What is the greatest common factor of 22033 and 4367?
11
What is the highest common divisor of 11 and 102596?
1
Calculate the greatest common divisor of 58371584 and 18452.
2636
Calculate the highest common factor of 15862379 and 183430.
1079
What is the greatest common divisor of 1088 and 1125312?
64
What is the highest common divisor of 14537 and 125?
1
Calculate the highest common factor of 40450905 and 285.
285
What is the highest common factor of 5027 and 839052?
457
What is the greatest common divisor of 8162658 and 28?
14
What is the highest common divisor of 468984451 and 59?
59
What is the highest common divisor of 8171128 and 476?
28
What is the highest common divisor of 5385 and 14706435?
5385
What is the highest common divisor of 111 and 80136561?
111
Calculate the highest common divisor of 16134018 and 6258.
894
What is the highest common factor of 500 and 216250400?
100
Calculate the greatest common divisor of 1508551 and 77.
11
What is the greatest common divisor of 35948 and 10802?
22
Calculate the highest common factor of 292175940 and 70.
70
Calculate the greatest common factor of 3388 and 1223189.
121
What is the greatest common divisor of 32 and 24121432?
8
Calculate the greatest common divisor of 3547300 and 988.
76
What is the greatest common factor of 28 and 6134692?
4
Calculate the highest common factor of 1095 and 76797105.
15
Calculate the greatest common factor of 1220 and 1560140.
20
What is the highest common factor of 37537038 and 990?
198
Calculate the greatest common divisor of 1496 and 436348.
44
Calculate the highest common divisor of 49680 and 77405856.
1104
What is the highest common divisor of 1287548 and 28?
4
What is the greatest common factor of 14555388 and 2578?
2578
Calculate the greatest common factor of 563310 and 467718.
3414
What is the greatest common factor of 11284283 and 35351?
1219
Calculate the greatest common divisor of 5 and 1622485.
5
Calculate the greatest common divisor of 1597200 and 5008.
16
What is the highest common divisor of 207082343 and 107?
107
Calculate the highest common factor of 256 and 4136520.
8
Calculate the highest common divisor of 40275173 and 453.
151
Calculate the highest common divisor of 1787 and 4980885443.
1787
What is the greatest common factor of 2699469 and 18?
9
Calculate the greatest common divisor of 5194 and 58444372.
742
What is the highest common factor of 8901706 and 16544?
1034
Calculate the greatest common factor of 3300 and 21259920.
660
Calculate the greatest common divisor of 1348578 and 13860.
1386
What is the greatest common divisor of 1840 and 14352920?
920
Calculate the highest common divisor of 98591 and 1520.
19
What is the greatest common divisor of 19583529 and 315?
21
What is the highest common factor of 8632787 and 1581?
527
What is the highest common factor of 3 and 463907109?
3
What is the greatest common factor of 6171 and 1784490?
51
What is the greatest common divisor of 5439 and 607404?
147
Calculate the highest common divisor of 15684989 and 76331.
2063
Calculate the highest common factor of 1257376 and 32.
32
What is the greatest common factor of 407421 and 104587?
1561
What is the greatest common factor of 1370420 and 3820?
20
Calculate the highest common factor of 9086240 and 521.
521
What is the highest common factor of 3234 and 9804018?
294
Calculate the highest common factor of 625 and 73765.
5
What is the highest common factor of 6617 and 129130246?
509
What is the highest common factor of 495460 and 14665?
35
Calculate the highest common divisor of 735 and 4181115.
15
Calculate the greatest common factor of 41862363 and 6597.
2199
What is the greatest common divisor of 763 and 31016713?
763
Calculate the greatest common factor of 81200 and 253040.
80
Calculate the highest common divisor of 346296 and 401556.
3684
Calculate the greatest common divisor of 1316 and 1591380.
28
Calculate the highest common divisor of 74392 and 4352.
136
Calculate the greatest common factor of 419471 and 936.
13
Calculate the highest common divisor of 5468816 and 340272.
2224
Calculate the highest common divisor of 2475720 and 200.
40
Calculate the highest common divisor of 658 and 20847602.
94
Calculate the highest common factor of 60350283 and 63.
63
Calculate the highest common factor of 21112 and 601328.
728
Calculate the highest common factor of 16344 and 60759.
9
Calculate the greatest common factor of 270416 and 70464.
16
Calculate the highest common divisor of 18035076 and 324.
12
Calculate the greatest common factor of 8060 and 226138180.
620
What is the highest common factor of 4093908 and 3744?
156
What is the highest common factor of 2592 and 838496?
32
What is the greatest common divisor of 355956 and 324?
12
Calculate the highest common factor of 381710 and 48461.
49
What is the highest common factor of 5986526 and 44577?
1651
What is the greatest common divisor of 16284 and 10236?
12
What is the greatest common divisor of 764691 and 1353?
123
Calculate the highest common factor of 5112726 and 12.
6
Calculate the highest common divisor of 904578702 and 447.
447
What is the highest common factor of 27 and 451840941?
9
What is the greatest common divisor of 99170047 and 47?
47
What is the highest common factor of 516294 and 40662?
162
Calculate the highest common factor of 524 and 12511024.
524
Calculate the highest common divisor of 25333312 and 192.
64
What is the highest common factor of 41591 and 61294?
19
What is the greatest common factor of 95475 and 1875129?
3819
Calculate the highest common factor of 52790782 and 22.
22
Calculate the greatest common divisor of 64737 and 3321.
9
What is the highest common factor of 19755215 and 310?
155
Calculate the highest common factor of 7765 and 597755912.
1553
What is the greatest common factor of 45503761 and 1075?
43
What is the greatest common divisor of 11124 and 44806236?
1236
Calculate the greatest common divisor of 40845 and 193417.
7
What is the greatest common factor of 143299 and 160966?
1963
Calculate the greatest common divisor of 42345368 and 688.
344
Calculate the greatest common factor of 2532491 and 92378.
247
Calculate the highest common divisor of 26 and 35002643.
13
What is the highest common divisor of 63732 and 2931220?
452
Calculate the highest common divisor of 584651007 and 621.
621
What is the highest common divisor of 3680 and 81811?
23
Calculate the highest common factor of 1809 and 817263.
27
What is the highest common factor of 160 and 62755424?
32
Calculate the highest common factor of 100359 and 414078.
21
What is the greatest common factor of 5117655 and 150?
15
Calculate the highest common factor of 3048 and 8845728.
24
Calculate the greatest common factor of 23067261 and 1134.
567
What is the highest common divisor of 40250 and 3712660?
1610
What is the greatest common factor of 9696680 and 420?
140
What is the highest common factor of 7514741 and 248?
31
Calculate the greatest common divisor of 12522713 and 8210.
821
Calculate the greatest common factor of 21492562 and 35.
7
Calculate the h